y 193?
61
Suppose 23*x - 21*x + w = 1028, 4*x = 16*w + 2128. What is the remainder when x is divided by 57?
3
Let z(j) = -2*j**3 + 77*j**2 + 38*j + 47. Calculate the remainder when 764 is divided by z(39).
4
Let m = -1248 - -1346. What is the remainder when 286 is divided by m?
90
Suppose -4*n + 6*u + 40 = 2*u, -17 = -2*n - u. Suppose 4*m + 85 = n*m. Calculate the remainder when (-1)/1 + ((-15)/5 - -88) is divided by m.
16
Suppose 6390 = 17*k + 13*k - 21*k. What is the remainder when k is divided by 119?
115
Let v = -252 + 37. Let m = v + 239. Calculate the remainder when 381 is divided by m.
21
Suppose 4*q - 94 = -2*c, 43*c + 20 = q + 40*c. Calculate the remainder when 2435 is divided by q.
20
Let f = 560 + -560. Suppose 5*z - 5*i - 370 = -f*z, 2*z = 3*i + 151. Calculate the remainder when z is divided by 7.
1
Let w = 117 + -72. Let k = w + -24. Let y(d) = d**2 + 2. What is the remainder when k is divided by y(-2)?
3
Let g(l) = 75*l**2 - 2*l + 2. Suppose 0 = -r - 2*p + 4, -5*p + 9 = -4*r - 1. Let m be 3/6*r - -1. Calculate the remainder when g(m) is divided by 19.
18
Suppose -650*z + 11016 = -542*z. What is the remainder when 406 is divided by z?
100
Let t be 0/(-13) - (2 - 5). Suppose 236 = -t*w + 368. What is the remainder when 613 is divided by w?
41
Suppose 0 = 3*s - 2*r - 29, -s - 13 = -3*s - 5*r. What is the remainder when 672 is divided by s?
6
Suppose q - 2*q - 116 = -2*m, -5*m + 2*q = -292. Let b = m + 374. Calculate the remainder when b is divided by 19.
16
Suppose 46 - 22 = 4*y. Let h = -7 + 9. Calculate the remainder when y - (-3 - 7) - (-4)/h is divided by 10.
8
Let q(h) = 13*h + 34. Calculate the remainder when 58 is divided by q(0).
24
Suppose -22*w + 28109 = -11513. Calculate the remainder when w is divided by 36.
1
Calculate the remainder when 16/10*(-75)/10 + 729 is divided by 496.
221
Suppose 11886 = -101*n + 111*n - 36054. What is the remainder when n is divided by 22?
20
Let x(v) = v**2 + 36*v + 12. Let u be x(-35). Let j be 3 - (84 - -1) - 3. Let q = u - j. Calculate the remainder when q is divided by 32.
30
Suppose 11*n + 3*l - 104 = 9*n, l = -2*n + 108. Calculate the remainder when 110 is divided by n.
0
Suppose -55*n = -49*n + 36. Let b(q) = 22*q + 145. Calculate the remainder when 101 is divided by b(n).
10
Suppose -2*b = -a - 149, -11*b + 14*b + 5*a - 256 = 0. Calculate the remainder when 358 is divided by b.
50
Let h = 26 + -22. Suppose 0 = 2*p - b + 210, -2*b - 400 = h*p + b. Let u = p - -172. What is the remainder when u is divided by 24?
21
Suppose r - 11 + 9 = 0. Suppose 2*n - 4 + 8 = 0, r*n + 9 = x. Calculate the remainder when 34/5*(-20)/(-8) is divided by x.
2
Let c(t) = -53*t - 104. Calculate the remainder when 218 is divided by c(-2).
0
Suppose 6*c = -9 + 27. Let u be 3 + -1*(-3 - -3)/c. Suppose -u*r - 4*p = -90, 5*p = -3*r + 92 + 1. What is the remainder when 101 is divided by r?
23
Let y = 12 - 7. Suppose 10 = 2*s, -y*c + 190 = -4*s - s. What is the remainder when 859/7 + (-10)/(-35) is divided by c?
37
Calculate the remainder when 274 is divided by 187/(-561) - 134/6*-4.
7
Suppose -423 = -31*d - 51. What is the remainder when 2711 is divided by d?
11
Let l(g) = 91*g**2 + g. Suppose -5*z = -3*z + 2. Let x(v) = -25*v**3 - v**2 - v. What is the remainder when l(z) is divided by x(-1)?
15
Suppose -5*n - 18 - 2 = 0. Let h be n/10*40/8. What is the remainder when 0/(-1 + h + 2) + 128 is divided by 13?
11
Suppose -14*k + 51 = -5. What is the remainder when (-1*1)/(5/(-355)) is divided by 1*(-2)/k + (-2100)/(-168)?
11
Suppose -7*x = 10*x. Suppose -2*y + 3*v + 30 = x, -v = -5*y - 5*v + 98. Calculate the remainder when y is divided by 15.
3
Let j(i) = -i**3 + 24*i**2 - 21*i - 16. Let l be -4*(460/16)/(-5). Let u be j(l). Suppose u = 2*o - 52. What is the remainder when o is divided by 21?
20
Let l be (189/15)/((-6)/(-80)). Suppose -2*f = -2*x - 3*x + 225, 0 = 4*x - 4*f - l. Calculate the remainder when x is divided by 22.
3
Let y = -9 + 11. Suppose -y*m = 3*u - 111, -4*u - 2*m + 170 - 24 = 0. Suppose -2*p = -223 - u. Calculate the remainder when p is divided by 33.
30
Suppose -20*i = u - 23*i - 57, 7*i = -4*u + 266. What is the remainder when 3209 is divided by u?
59
Suppose 25884*j + 1900 = 25984*j. Let d = 294 - 155. Calculate the remainder when d is divided by j.
6
Let p = 911 + -630. Calculate the remainder when p is divided by 23.
5
Suppose 3*q + 7 = 3*j + 1, -5*q - 5*j = -30. Suppose 5*r - 65 = -4*l, q*l + 41 = 3*r + 4*l. Calculate the remainder when 23 is divided by r.
6
Let f(x) = 3*x**2 + 11*x + 25. Calculate the remainder when f(3) is divided by 7.
1
Let z = 84 - -35. Let a(j) be the second derivative of j**4/6 + 25*j**3/3 + 112*j**2 - 405*j. Calculate the remainder when z is divided by a(-5).
23
Let i be (-18)/27 - 3/((-9)/(-34)). Let w be (-8)/(-6)*(-738)/i. Let f = w + -54. What is the remainder when 135 is divided by f?
23
Let v(p) = 2*p**2 + 10*p - 6. Let f = -35 - -27. Suppose -5*w - 2*s + 471 = -347, -493 = -3*w + s. What is the remainder when w is divided by v(f)?
38
Let y = -163 - -438. What is the remainder when y is divided by (-13 + (-1144)/(-55) - -15) + (-2)/(-10)?
22
Let r = 554 + -524. What is the remainder when 697 is divided by r?
7
Let d be (8/3 + -3)*-24. Let k = -17 + 178. Suppose d*r - k = r. Calculate the remainder when r is divided by 6.
5
Let a be 4/(-14) - 255/(-35). Suppose 0 = -11*b + a*b + 120. What is the remainder when 40 is divided by b?
10
Suppose 0 = 4*k + x - 3, 3*k - k - 2*x = 14. Let n be ((-360)/(-108))/(5/6). Suppose k*c + n*z = 44, -z = -3*z. Calculate the remainder when c is divided by 15.
7
Let l(y) = -y**2 + 12*y - 2. Suppose -2316 = -5*h + 3*t, t = 3*h - 192 - 1200. Suppose 14*a - h = -a. What is the remainder when a is divided by l(11)?
4
Let x(w) = w**3 - 11*w**2 + 6. Let p be x(11). Let z be ((-9)/6)/(p/8*1). Let f(d) = -41*d - 9. Calculate the remainder when f(z) is divided by 19.
16
Let p(t) = 7*t + 6. What is the remainder when 42 is divided by p(1)?
3
Let l(f) = 9*f - 30. Let r be l(-5). Let m = 33 - r. What is the remainder when m is divided by 39?
30
Let o = 46 + 208. Let b = -41 + o. Calculate the remainder when b is divided by 6.
3
Calculate the remainder when 306 is divided by (-2118)/(-18) + (-9)/(-27).
70
Let m(i) = i**2 + 58*i - 2400. What is the remainder when 242 is divided by m(30)?
2
Let i(x) be the second derivative of -x**5/20 - x**3/2 - x**2/2 + 19*x. Let g be i(0). What is the remainder when 41 is divided by g + 25 + 6/(-2)?
20
Let a = 6 - -32. Let w(x) = x**3 - 85*x**2 - 457*x + 767. Calculate the remainder when w(90) is divided by a.
23
Let s = -12 - -14. Suppose 0 = -s*p - 0*p + 26. Calculate the remainder when 50/75*(3 + 24 - 0) is divided by p.
5
Let w be 17620/25 + 1/5 - -5. Let c = 721 - w. Calculate the remainder when 15 is divided by c.
4
Let y be 349/(1/2 - (-6)/(-4)). Let x be (2 - -1) + (y - -1). Calculate the remainder when 19 is divided by x/(-35) - 3/(-21).
9
Suppose 4*f = 2*d, 0 = 4*d + 3*f - 22 - 0. Suppose -2*p - 6 = -26. Calculate the remainder when p is divided by d.
2
Let x(y) = -y**2 - 6*y - 10. Let l be x(-5). Let k be (-1)/5 - 36/l. Let w(r) = -r + 12. What is the remainder when w(k) is divided by 4?
1
Let c be (4/6)/((-2)/(-321)). Suppose 3*x + 3*a - 66 = 0, -5*x - 3*a + c + 7 = 0. Let f = 32 - x. Calculate the remainder when f is divided by 3.
2
Let y(o) be the first derivative of 1/4*o**4 - 24 - 4/3*o**3 - 17*o - 7*o**2. Calculate the remainder when y(7) is divided by 17.
15
Let g be (-1 - -3)/(-4) - (-18)/4. Suppose 4*u - 28 = -5*f, -5*f + 4*u - g = -4*f. Suppose 86 = 10*n - f. What is the remainder when 34 is divided by n?
7
Suppose -6*n + 44 = -2*n. Let z(v) = -15*v + 28. Let a be z(2). Calculate the remainder when (3 - (1 + a))*45/6 is divided by n.
8
Let l be (2/2 - -6)*1. Suppose l*g - 2*g = 5*k - 180, 2*k - g - 77 = 0. Calculate the remainder when k is divided by 6/(-27)*((-1521)/1352)/((-2)/(-48)).
5
What is the remainder when 736 is divided by 2 - 11/((-363)/22)*(-1458)/(-4)?
1
Let r(d) = -18*d - 395. Suppose 3*o + 5*w = 14, 3*o + 0*w - 5*w = 34. Let p(k) = -k**2 + 10*k + 3. What is the remainder when r(-25) is divided by p(o)?
17
Let n = -77 + 139. Suppose -2*o + 5*u - n = 0, o - 3*u = -0*o - 33.